*u + k + 70 = -111. What is the tens digit of u?
9
Let o be 272*(5 - 2)/3. Suppose -7*p = -3*p - o. Suppose -p = -3*i + 46. What is the tens digit of i?
3
Suppose 2*q = 3*o - q - 1422, 3*o - 4*q = 1423. Suppose -26*r + 257 - 153 = 0. Suppose -307 = -r*m + o. What is the hundreds digit of m?
1
Let i(v) = -33*v + 52. Let q be i(-5). Suppose j - q = 5*f, 2*f - 4*f - 922 = -4*j. What is the tens digit of j?
3
Let c be 396/30 + (-20)/(-25). Suppose -c*j + 13*j = -649. What is the units digit of j?
9
Let y(v) = v**3 - v**2 - 2*v - 7. Let i be y(3). Suppose 8*a - 9*a - 3*d + 1158 = 0, -4*d - 5752 = -i*a. What is the thousands digit of a?
1
Let t = 156464 - 108077. What is the thousands digit of t?
8
Suppose -f - 113 = -119. What is the units digit of (-23725)/(-39) + (-2)/f?
8
Suppose 0 = 5*i - 3*y - 1, 0 = i - 2*y + y + 1. What is the hundreds digit of (-22 - -18)*(-225 - 2/i)?
9
Let h(f) = -2*f**2 - 12*f - 4. Let v be h(-5). Suppose -v = -7*d + 5*d. What is the hundreds digit of 4 - ((-2436)/24 + d/2)?
1
Suppose 4*t - 126 = -5*t. Let y(u) = 13 - 19*u - 18*u**3 + 2 + 17*u**3 + t*u**2. What is the units digit of y(12)?
5
Suppose 28*p + 315*p = 3721550. What is the tens digit of p?
5
Suppose -20 = 4*s, -203*s = 4*m - 200*s - 22521. What is the tens digit of m?
3
Let r(p) = -p**2 + p + 4. Suppose c + 36 = 3*c + 5*j, j = 4. Let l be r(c). Let n = l + 106. What is the tens digit of n?
5
Let l(y) = 555*y**3 + 6*y**2 + y + 1. Let p be l(2). Suppose -5*j + p = 3*h, 2*j + 2*h - 950 - 840 = 0. What is the hundreds digit of j?
8
Suppose -23*w = -20085 - 3697. Suppose 10*k - 2784 = -w. What is the units digit of k?
5
What is the ten thousands digit of (24/9)/((-95)/(-689130))?
1
Let d(o) = o**3 + 14*o**2 - o - 11. Let q be d(-14). Suppose -q*m = 12, 5*a + m - 137 = 2*a. What is the tens digit of -2*(0/(-1) - a)?
9
Let q(r) = -r**3 + 3*r**2 - 12*r - 9. Let i be q(8). Let x = 575 + i. What is the units digit of x?
0
Suppose 0 = 5*b - 5*y - 15, -5*b + 18 = -b + 2*y. Suppose 5*q = 6*q - 5*g - 71, b*g + 12 = 0. What is the units digit of q?
6
Suppose -3*v = 5*i - 2630, -1031 = 18*i - 20*i + 3*v. What is the hundreds digit of i?
5
Let x(c) = 16*c**3 - c**2 + 9531. What is the hundreds digit of x(0)?
5
Suppose 5*n = a - 164, -3*n = -2*a + 2*n + 308. Suppose x + 5*x = a. Let v = x + 42. What is the tens digit of v?
6
Suppose -5*t - 34 = -3*r, -4*r + 4*t + 55 = 7*t. Let z(f) = 10*f - 44. Let h(x) = 60*x - 265. Let u(n) = -4*h(n) + 25*z(n). What is the tens digit of u(r)?
9
Suppose -19*c + 6*c = -11*c - 9174. What is the thousands digit of c?
4
Let p = 180 - 848. Let n = -304 - p. What is the units digit of n?
4
Suppose -q - 1002 = -4*q. Suppose 75 = -h - 4*j, j - 2*j = -4*h - q. Let u = 87 + h. What is the units digit of u?
4
Let k(y) = 7*y**2 - 3*y + 2. Let h be (4 + (-5 - -2))*(-1 - -2). Let o be k(h). Suppose -2*p = o*p - 1040. What is the hundreds digit of p?
1
Let h(x) = x**2 - 2*x - 11. Let w be h(-3). Let c = 102 + w. What is the hundreds digit of c?
1
Let u(b) be the third derivative of -49*b**4/24 + 22*b**3/3 - b**2 - 4. What is the hundreds digit of u(-6)?
3
Suppose 15*b + 2 = 137. Let u(f) = -f**3 + 10*f**2 - 9*f + 3. Let o be u(b). Let n(t) = 20*t - 9. What is the units digit of n(o)?
1
Let y(b) = 17*b**2 - 45 + 0*b**2 + 3*b**2 + b + 5*b**2 + 9*b**2. What is the units digit of y(7)?
8
Let z = 1111 + -270. Suppose 5*i = z + 2639. What is the units digit of i?
6
Let o(n) = -1890*n + 838. What is the thousands digit of o(-16)?
1
Let c(b) be the first derivative of 2*b**3/3 - 17*b**2/2 + 10*b + 31. Let k be c(8). What is the tens digit of 143 - (0/4)/k?
4
Suppose 0 = 146*k - 140781 - 48184 - 18209. What is the thousands digit of k?
1
Let h be (-10)/12 + (-17)/102. Let w(q) = -389*q - 29. What is the hundreds digit of w(h)?
3
Let v(k) = 3*k**2 - 63*k + 4. Let x be v(21). What is the tens digit of (2/(x/(-215)))/((-12)/72)?
4
Let k(t) = -15*t**3 + t**2 - 3*t - 15. Let o be k(-3). Let x = 792 - o. What is the units digit of x?
4
What is the tens digit of 349675/25 + (-16 - -1)?
7
Let w(a) = -a**3 + 4*a**2 - a - 1. Let z be w(3). Suppose -5*q - 30 = -z*v, -v + 3*q + q + 9 = 0. Suppose -y + v*y - 48 = 0. What is the tens digit of y?
1
Suppose -39*v + 50*v = 9295. Suppose 5*t + 114 = m + v, -4*m + 16 = 0. What is the tens digit of t?
4
Let r be ((-1116)/(-90))/((-2)/(-10)). Suppose 0 = k - 3, 5*w - 3*k = -k + 4. Suppose -d - d - w*o = -22, -2*o - r = -4*d. What is the tens digit of d?
1
Let s(r) = 197*r**3 - 56*r + 120. What is the thousands digit of s(2)?
1
Suppose 149*v - 10 = 144*v. What is the units digit of ((-1016)/(-16) - 4)/(1/v)?
9
Suppose -i + 5*s + 28 + 59 = 0, -525 = -5*i - 5*s. Suppose 0 = -4*n + 3*d - 0*d - 5, -n + 2*d + 5 = 0. What is the units digit of (i/n)/((-38)/95)?
1
Let v(p) = 260*p + 2755. What is the tens digit of v(0)?
5
Suppose -4*a - 652 = -2*i, 0*i - 1686 = -5*i - 4*a. Let b = i - -16. What is the hundreds digit of b?
3
Let b(z) = 470*z**2 + 20*z + 48. What is the tens digit of b(3)?
3
Let v(b) = b**2 - 2*b - 1. Let x(o) = 6*o**2 + 6*o - 2. Let f(w) = 3*v(w) + x(w). Suppose 0*m = 3*m - 9. What is the units digit of f(m)?
6
Let i be 338/(-6)*(-5 - 4). Suppose 0 = 5*s + i - 3527. What is the tens digit of s?
0
Let p(l) = l**3 + 5*l**2 - 9*l - 13. Let y be p(-7). Let t = 49 + y. What is the units digit of 6/((-2)/(t - 0)) + 190?
7
Suppose 0 = -223*t + 230*t - 32865. What is the tens digit of t/18 - -4 - (-2)/12?
6
Let q(y) = 15*y - 15. Suppose -47 = -3*m - 68. Let n be q(m). Let w = n - -233. What is the tens digit of w?
1
Suppose 75 = -2*g - 5*j, 0 = g - 5*g - 5*j - 175. Let i be 106 + -1 - (-21 - -12). Let n = g + i. What is the tens digit of n?
6
Suppose 5*f + 3*s - 7*s = -158, -3*f = -5*s + 100. What is the units digit of (-6)/(-15) + (-14448)/f?
2
What is the thousands digit of (150*1)/((-176982)/7080 + 25)?
9
Suppose 3*r + 122 = 161. What is the hundreds digit of r*33 - (-64)/(-16)?
4
Suppose 65 = 9*u + 20. Suppose o - 6 = p, -u*o + 0*p + 4*p = -26. Suppose -5*r + 3*r - 22 = -l, l + o = -4*r. What is the units digit of l?
4
Let h(a) = 1981*a**2 + 6*a + 9. Let r be h(-3). Suppose -78*v - r = -96*v. What is the hundreds digit of v?
9
Let h = 1803 + 1718. What is the tens digit of h?
2
What is the hundreds digit of (-27)/18 + ((-18017)/(-2) - -1) + -6?
0
Suppose 5*g + 919 - 944 = 0, -4*t - 2*g + 224346 = 0. What is the ten thousands digit of t?
5
Suppose -15 = -14*i + 9*i. Suppose -3*j - 62 = -4*z, z + 5 - 13 = -i*j. Suppose -w + 2*w - z = 0. What is the units digit of w?
4
Let r(c) = -2*c + 1. Let s(q) = -2*q - 276. Let l(h) = -5*r(h) - s(h). What is the hundreds digit of l(46)?
8
Let y be (-3 - -15)/(-3) + -2. Let o(m) = 5*m**3 - 11*m**2 + 4. Let w(l) = 6*l**3 - 12*l**2 + 5. Let s(c) = 7*o(c) - 6*w(c). What is the tens digit of s(y)?
3
Suppose 1366 = -15*k + 6901. Suppose 10*t - k = 571. What is the units digit of t?
4
Suppose -16*h + 12*h + 5*d + 62023 = 0, -4*d = -5*h + 77531. What is the thousands digit of h?
5
Let l = 9 + -5. Suppose l*w - w = 75. Let b = w + 24. What is the units digit of b?
9
Let m(k) = -2*k**2 - 55*k + 236. Let q be m(-34). Let j = q - -215. What is the units digit of j?
9
Let x(u) = -u**3 - 3*u**2 - u + 1. Let v be x(-1). Let d be (v - -25)*(-8)/(-40). Suppose -2*p - 2 = 2, 0 = d*s - 4*p - 78. What is the units digit of s?
4
Let a = -69 - -74. Suppose -5*d - 4 - 1 = 4*j, j = -a. Suppose 0*c = -2*c - 4*b + 552, -d*b = -3*c + 828. What is the units digit of c?
6
Let w(l) = -l**3 - 9*l**2 - 6*l + 11. Let i be w(-8). Let y(p) = -2*p**2 - 11*p - 8. Let n be y(i). Let f = 71 - n. What is the tens digit of f?
7
Suppose 12*o - 16573 - 27527 = 0. Suppose -5692 = -5*r + 4*z - 1099, 4*r - 3*z = o. What is the tens digit of r?
2
What is the units digit of (-18672)/(-4) - 21/(-49)*1*-7?
5
Let g = -228 - -233. Suppose -2*f - 479 + 5231 = 3*s, -s + 1571 = g*f. What is the thousands digit of s?
1
Let c(q) = q**2 + 6*q - 14. Let f be c(7). Suppose f + 264 = s. What is the units digit of s?
1
Suppose -5*k + 1104 + 277 = n, -2*k + 4*n + 548 = 0. Suppose -t = -2*i - k, 0*t - 690 = 5*i - 3*t. Let q = -88 - i. What is the units digit of q?
0
Let g(r) = r**3 - 6*r**2 - 17*r - 3. Let z be g(8). Let n(o) = o**2 - 8*o + 31. Let h be n